{"id":18,"date":"2025-08-02T12:16:58","date_gmt":"2025-08-02T12:16:58","guid":{"rendered":"http:\/\/ladecodevi.fr\/?page_id=18"},"modified":"2026-01-11T15:56:48","modified_gmt":"2026-01-11T15:56:48","slug":"services","status":"publish","type":"page","link":"https:\/\/ladecodevi.fr\/index.php\/services\/","title":{"rendered":"Produits"},"content":{"rendered":"\n<div class=\"wp-block-cover alignfull has-aspect-ratio\" style=\"min-height:100vh;aspect-ratio:16\/9;min-height:unset;\"><img loading=\"lazy\" decoding=\"async\" width=\"768\" height=\"1024\" class=\"wp-block-cover__image-background wp-image-134 size-large\" alt=\"\" src=\"https:\/\/ladecodevi.fr\/wp-content\/uploads\/2025\/10\/bandeau-768x1024.jpg\" data-object-fit=\"cover\" srcset=\"https:\/\/ladecodevi.fr\/wp-content\/uploads\/2025\/10\/bandeau-768x1024.jpg 768w, https:\/\/ladecodevi.fr\/wp-content\/uploads\/2025\/10\/bandeau-225x300.jpg 225w, https:\/\/ladecodevi.fr\/wp-content\/uploads\/2025\/10\/bandeau-1152x1536.jpg 1152w, https:\/\/ladecodevi.fr\/wp-content\/uploads\/2025\/10\/bandeau-1536x2048.jpg 1536w, https:\/\/ladecodevi.fr\/wp-content\/uploads\/2025\/10\/bandeau.jpg 1734w\" sizes=\"auto, (max-width: 768px) 100vw, 768px\" \/><span aria-hidden=\"true\" class=\"wp-block-cover__background has-background-dim-60 has-background-dim\" style=\"background-color:#342f29\"><\/span><div class=\"wp-block-cover__inner-container has-global-padding is-layout-constrained wp-block-cover-is-layout-constrained\">\n<h1 class=\"wp-block-heading has-text-align-center has-text-color\" style=\"color:#e4e2d7;font-size:clamp(36.518px, 2.282rem + ((1vw - 3.2px) * 3.464), 67px);font-style:normal;font-weight:400;line-height:1\">Nouvelle vie !<\/h1>\n<\/div><\/div>\n\n\n\n<div class=\"wp-block-group alignfull has-text-color has-background has-global-padding is-layout-constrained wp-container-core-group-is-layout-cf8a334f wp-block-group-is-layout-constrained\" style=\"color:#646257;background-color:#fffef7;margin-top:0;margin-bottom:0;padding-top:80px;padding-bottom:100px\">\n<h2 class=\"wp-block-heading has-text-align-center has-text-color\" style=\"color:#646257;font-size:clamp(29.768px, 1.861rem + ((1vw - 3.2px) * 2.526), 52px);font-style:normal;font-weight:400;text-transform:capitalize\">Nos services de R\u00e9novation<\/h2>\n\n\n\n<div class=\"wp-block-columns is-layout-flex wp-container-core-columns-is-layout-69483a15 wp-block-columns-is-layout-flex\" style=\"margin-top:0;margin-bottom:0;padding-top:50px\">\n<div class=\"wp-block-column is-layout-flow wp-container-core-column-is-layout-8a368f38 wp-block-column-is-layout-flow\">\n<figure class=\"wp-block-image size-full\"><img loading=\"lazy\" decoding=\"async\" width=\"1734\" height=\"2312\" src=\"http:\/\/ladecodevi.fr\/wp-content\/uploads\/2025\/10\/Essai-produit-rotated.jpg\" alt=\"\" class=\"wp-image-114\" srcset=\"https:\/\/ladecodevi.fr\/wp-content\/uploads\/2025\/10\/Essai-produit-rotated.jpg 1734w, https:\/\/ladecodevi.fr\/wp-content\/uploads\/2025\/10\/Essai-produit-225x300.jpg 225w, https:\/\/ladecodevi.fr\/wp-content\/uploads\/2025\/10\/Essai-produit-768x1024.jpg 768w, https:\/\/ladecodevi.fr\/wp-content\/uploads\/2025\/10\/Essai-produit-1152x1536.jpg 1152w, https:\/\/ladecodevi.fr\/wp-content\/uploads\/2025\/10\/Essai-produit-1536x2048.jpg 1536w\" sizes=\"auto, (max-width: 1734px) 100vw, 1734px\" \/><\/figure>\n\n\n\n<div style=\"height:20px\" aria-hidden=\"true\" class=\"wp-block-spacer\"><\/div>\n\n\n\n<p class=\"has-text-color\" id=\"GQFtinjTMyEXTWTi\" style=\"color:#646257;font-size:14px\">Transformer vos trouvailles vintage<\/p>\n\n\n\n<div style=\"height:20px\" aria-hidden=\"true\" class=\"wp-block-spacer\"><\/div>\n\n\n\n<div style=\"height:5px\" aria-hidden=\"true\" class=\"wp-block-spacer\"><\/div>\n<\/div>\n\n\n\n<div class=\"wp-block-column is-layout-flow wp-container-core-column-is-layout-8a368f38 wp-block-column-is-layout-flow\">\n<figure class=\"wp-block-image size-full\"><img loading=\"lazy\" decoding=\"async\" width=\"1681\" height=\"2242\" src=\"http:\/\/ladecodevi.fr\/wp-content\/uploads\/2025\/10\/chevet.jpg\" alt=\"\" class=\"wp-image-116\" srcset=\"https:\/\/ladecodevi.fr\/wp-content\/uploads\/2025\/10\/chevet.jpg 1681w, https:\/\/ladecodevi.fr\/wp-content\/uploads\/2025\/10\/chevet-225x300.jpg 225w, https:\/\/ladecodevi.fr\/wp-content\/uploads\/2025\/10\/chevet-768x1024.jpg 768w, https:\/\/ladecodevi.fr\/wp-content\/uploads\/2025\/10\/chevet-1152x1536.jpg 1152w, https:\/\/ladecodevi.fr\/wp-content\/uploads\/2025\/10\/chevet-1536x2048.jpg 1536w\" sizes=\"auto, (max-width: 1681px) 100vw, 1681px\" \/><\/figure>\n\n\n\n<div style=\"height:20px\" aria-hidden=\"true\" class=\"wp-block-spacer\"><\/div>\n\n\n\n<p class=\"has-text-color\" id=\"GQFtinjTMyEXTWTi\" style=\"color:#646257;font-size:14px\">S\u00e9lection de meubles vintage uniques<\/p>\n\n\n\n<div style=\"height:20px\" aria-hidden=\"true\" class=\"wp-block-spacer\"><\/div>\n\n\n\n<div style=\"height:5px\" aria-hidden=\"true\" class=\"wp-block-spacer\"><\/div>\n<\/div>\n\n\n\n<div class=\"wp-block-column is-layout-flow wp-container-core-column-is-layout-8a368f38 wp-block-column-is-layout-flow\">\n<figure class=\"wp-block-image size-full is-resized\"><img loading=\"lazy\" decoding=\"async\" width=\"1300\" height=\"2312\" src=\"http:\/\/ladecodevi.fr\/wp-content\/uploads\/2025\/10\/Arm-Pharm.jpg\" alt=\"\" class=\"wp-image-118\" style=\"width:278px;height:auto\" srcset=\"https:\/\/ladecodevi.fr\/wp-content\/uploads\/2025\/10\/Arm-Pharm.jpg 1300w, https:\/\/ladecodevi.fr\/wp-content\/uploads\/2025\/10\/Arm-Pharm-169x300.jpg 169w, https:\/\/ladecodevi.fr\/wp-content\/uploads\/2025\/10\/Arm-Pharm-576x1024.jpg 576w, https:\/\/ladecodevi.fr\/wp-content\/uploads\/2025\/10\/Arm-Pharm-768x1366.jpg 768w, https:\/\/ladecodevi.fr\/wp-content\/uploads\/2025\/10\/Arm-Pharm-864x1536.jpg 864w, https:\/\/ladecodevi.fr\/wp-content\/uploads\/2025\/10\/Arm-Pharm-1152x2048.jpg 1152w\" sizes=\"auto, (max-width: 1300px) 100vw, 1300px\" \/><\/figure>\n\n\n\n<div style=\"height:20px\" aria-hidden=\"true\" class=\"wp-block-spacer\"><\/div>\n\n\n\n<p class=\"has-text-color\" id=\"GQFtinjTMyEXTWTi\" style=\"color:#646257;font-size:14px\">Conseils personnalis\u00e9s de r\u00e9novation<\/p>\n\n\n\n<div style=\"height:20px\" aria-hidden=\"true\" class=\"wp-block-spacer\"><\/div>\n\n\n\n<div style=\"height:5px\" aria-hidden=\"true\" class=\"wp-block-spacer\"><\/div>\n<\/div>\n<\/div>\n\n\n\n<div class=\"wp-block-columns is-layout-flex wp-container-core-columns-is-layout-ce500f9e wp-block-columns-is-layout-flex\" style=\"margin-top:0;margin-bottom:0;padding-top:80px\">\n<div class=\"wp-block-column is-layout-flow wp-container-core-column-is-layout-8a368f38 wp-block-column-is-layout-flow\">\n<figure class=\"wp-block-image size-full\"><img loading=\"lazy\" decoding=\"async\" width=\"1734\" height=\"2312\" src=\"http:\/\/ladecodevi.fr\/wp-content\/uploads\/2025\/10\/table-rotated.jpg\" alt=\"\" class=\"wp-image-121\" srcset=\"https:\/\/ladecodevi.fr\/wp-content\/uploads\/2025\/10\/table-rotated.jpg 1734w, https:\/\/ladecodevi.fr\/wp-content\/uploads\/2025\/10\/table-225x300.jpg 225w, https:\/\/ladecodevi.fr\/wp-content\/uploads\/2025\/10\/table-768x1024.jpg 768w, https:\/\/ladecodevi.fr\/wp-content\/uploads\/2025\/10\/table-1152x1536.jpg 1152w, https:\/\/ladecodevi.fr\/wp-content\/uploads\/2025\/10\/table-1536x2048.jpg 1536w\" sizes=\"auto, (max-width: 1734px) 100vw, 1734px\" \/><\/figure>\n\n\n\n<div style=\"height:20px\" aria-hidden=\"true\" class=\"wp-block-spacer\"><\/div>\n\n\n\n<p class=\"has-text-color\" id=\"GQFtinjTMyEXTWTi\" style=\"color:#646257;font-size:14px\">Ateliers pratiques de recyclage de meubles<\/p>\n\n\n\n<div style=\"height:20px\" aria-hidden=\"true\" class=\"wp-block-spacer\"><\/div>\n\n\n\n<div style=\"height:5px\" aria-hidden=\"true\" class=\"wp-block-spacer\"><\/div>\n<\/div>\n\n\n\n<div class=\"wp-block-column is-layout-flow wp-container-core-column-is-layout-8a368f38 wp-block-column-is-layout-flow\">\n<figure class=\"wp-block-image size-full\"><img loading=\"lazy\" decoding=\"async\" width=\"1734\" height=\"2312\" src=\"http:\/\/ladecodevi.fr\/wp-content\/uploads\/2025\/10\/Bureau1-rotated.jpg\" alt=\"\" class=\"wp-image-123\" srcset=\"https:\/\/ladecodevi.fr\/wp-content\/uploads\/2025\/10\/Bureau1-rotated.jpg 1734w, https:\/\/ladecodevi.fr\/wp-content\/uploads\/2025\/10\/Bureau1-225x300.jpg 225w, https:\/\/ladecodevi.fr\/wp-content\/uploads\/2025\/10\/Bureau1-768x1024.jpg 768w, https:\/\/ladecodevi.fr\/wp-content\/uploads\/2025\/10\/Bureau1-1152x1536.jpg 1152w, https:\/\/ladecodevi.fr\/wp-content\/uploads\/2025\/10\/Bureau1-1536x2048.jpg 1536w\" sizes=\"auto, (max-width: 1734px) 100vw, 1734px\" \/><\/figure>\n\n\n\n<div style=\"height:20px\" aria-hidden=\"true\" class=\"wp-block-spacer\"><\/div>\n\n\n\n<p class=\"has-text-color\" id=\"GQFtinjTMyEXTWTi\" style=\"color:#646257;font-size:14px\">Services professionnels de restauration de meubles anciens<\/p>\n\n\n\n<p class=\"has-text-color\" id=\"GQFtinjTMyEXTWTi\" style=\"color:#646257;font-size:14px\"><\/p>\n\n\n\n<div style=\"height:20px\" aria-hidden=\"true\" class=\"wp-block-spacer\"><\/div>\n\n\n\n<div style=\"height:5px\" aria-hidden=\"true\" class=\"wp-block-spacer\"><\/div>\n<\/div>\n\n\n\n<div class=\"wp-block-column is-layout-flow wp-container-core-column-is-layout-8a368f38 wp-block-column-is-layout-flow\">\n<figure class=\"wp-block-image size-full is-resized\"><img loading=\"lazy\" decoding=\"async\" width=\"1301\" height=\"2312\" src=\"https:\/\/ladecodevi.fr\/wp-content\/uploads\/2025\/10\/Chevet2-1.jpg\" alt=\"\" class=\"wp-image-128\" style=\"width:278px;height:auto\" srcset=\"https:\/\/ladecodevi.fr\/wp-content\/uploads\/2025\/10\/Chevet2-1.jpg 1301w, https:\/\/ladecodevi.fr\/wp-content\/uploads\/2025\/10\/Chevet2-1-169x300.jpg 169w, https:\/\/ladecodevi.fr\/wp-content\/uploads\/2025\/10\/Chevet2-1-576x1024.jpg 576w, https:\/\/ladecodevi.fr\/wp-content\/uploads\/2025\/10\/Chevet2-1-768x1365.jpg 768w, https:\/\/ladecodevi.fr\/wp-content\/uploads\/2025\/10\/Chevet2-1-864x1536.jpg 864w, https:\/\/ladecodevi.fr\/wp-content\/uploads\/2025\/10\/Chevet2-1-1152x2048.jpg 1152w\" sizes=\"auto, (max-width: 1301px) 100vw, 1301px\" \/><\/figure>\n\n\n\n<div style=\"height:20px\" aria-hidden=\"true\" class=\"wp-block-spacer\"><\/div>\n\n\n\n<p class=\"has-text-color\" id=\"GQFtinjTMyEXTWTi\" style=\"color:#646257;font-size:14px\">Inspiration d\u00e9co<\/p>\n\n\n\n<div style=\"height:20px\" aria-hidden=\"true\" class=\"wp-block-spacer\"><\/div>\n\n\n\n<div style=\"height:5px\" aria-hidden=\"true\" class=\"wp-block-spacer\"><\/div>\n<\/div>\n<\/div>\n\n\n\n<div class=\"wp-block-columns is-layout-flex wp-container-core-columns-is-layout-ce500f9e wp-block-columns-is-layout-flex\" style=\"margin-top:0;margin-bottom:0;padding-top:80px\">\n<div class=\"wp-block-column is-layout-flow wp-container-core-column-is-layout-8a368f38 wp-block-column-is-layout-flow\">\n<figure class=\"wp-block-image size-full\"><img loading=\"lazy\" decoding=\"async\" width=\"1734\" height=\"2312\" src=\"https:\/\/ladecodevi.fr\/wp-content\/uploads\/2025\/10\/internet1-rotated.jpg\" alt=\"\" class=\"wp-image-130\" srcset=\"https:\/\/ladecodevi.fr\/wp-content\/uploads\/2025\/10\/internet1-rotated.jpg 1734w, https:\/\/ladecodevi.fr\/wp-content\/uploads\/2025\/10\/internet1-225x300.jpg 225w, https:\/\/ladecodevi.fr\/wp-content\/uploads\/2025\/10\/internet1-768x1024.jpg 768w, https:\/\/ladecodevi.fr\/wp-content\/uploads\/2025\/10\/internet1-1152x1536.jpg 1152w, https:\/\/ladecodevi.fr\/wp-content\/uploads\/2025\/10\/internet1-1536x2048.jpg 1536w\" sizes=\"auto, (max-width: 1734px) 100vw, 1734px\" \/><\/figure>\n\n\n\n<div style=\"height:20px\" aria-hidden=\"true\" class=\"wp-block-spacer\"><\/div>\n\n\n\n<p class=\"has-text-color\" id=\"GQFtinjTMyEXTWTi\" style=\"color:#646257;font-size:14px\">Finition personnalis\u00e9e<\/p>\n\n\n\n<div style=\"height:20px\" aria-hidden=\"true\" class=\"wp-block-spacer\"><\/div>\n\n\n\n<div style=\"height:5px\" aria-hidden=\"true\" class=\"wp-block-spacer\"><\/div>\n<\/div>\n\n\n\n<div class=\"wp-block-column is-layout-flow wp-container-core-column-is-layout-8a368f38 wp-block-column-is-layout-flow\">\n<figure class=\"wp-block-image size-full\"><img loading=\"lazy\" decoding=\"async\" width=\"1651\" height=\"2201\" src=\"https:\/\/ladecodevi.fr\/wp-content\/uploads\/2025\/10\/internet2.jpg\" alt=\"\" class=\"wp-image-131\" srcset=\"https:\/\/ladecodevi.fr\/wp-content\/uploads\/2025\/10\/internet2.jpg 1651w, https:\/\/ladecodevi.fr\/wp-content\/uploads\/2025\/10\/internet2-225x300.jpg 225w, https:\/\/ladecodevi.fr\/wp-content\/uploads\/2025\/10\/internet2-768x1024.jpg 768w, https:\/\/ladecodevi.fr\/wp-content\/uploads\/2025\/10\/internet2-1152x1536.jpg 1152w, https:\/\/ladecodevi.fr\/wp-content\/uploads\/2025\/10\/internet2-1536x2048.jpg 1536w\" sizes=\"auto, (max-width: 1651px) 100vw, 1651px\" \/><\/figure>\n\n\n\n<div style=\"height:20px\" aria-hidden=\"true\" class=\"wp-block-spacer\"><\/div>\n\n\n\n<p class=\"has-text-color\" id=\"GQFtinjTMyEXTWTi\" style=\"color:#646257;font-size:14px\">Agencement de go\u00fbt<\/p>\n\n\n\n<div style=\"height:20px\" aria-hidden=\"true\" class=\"wp-block-spacer\"><\/div>\n\n\n\n<div style=\"height:5px\" aria-hidden=\"true\" class=\"wp-block-spacer\"><\/div>\n<\/div>\n\n\n\n<div class=\"wp-block-column is-layout-flow wp-container-core-column-is-layout-8a368f38 wp-block-column-is-layout-flow\">\n<figure class=\"wp-block-image size-full\"><img loading=\"lazy\" decoding=\"async\" width=\"1734\" height=\"2312\" src=\"https:\/\/ladecodevi.fr\/wp-content\/uploads\/2025\/10\/internet3-rotated.jpg\" alt=\"\" class=\"wp-image-132\" srcset=\"https:\/\/ladecodevi.fr\/wp-content\/uploads\/2025\/10\/internet3-rotated.jpg 1734w, https:\/\/ladecodevi.fr\/wp-content\/uploads\/2025\/10\/internet3-225x300.jpg 225w, https:\/\/ladecodevi.fr\/wp-content\/uploads\/2025\/10\/internet3-768x1024.jpg 768w, https:\/\/ladecodevi.fr\/wp-content\/uploads\/2025\/10\/internet3-1152x1536.jpg 1152w, https:\/\/ladecodevi.fr\/wp-content\/uploads\/2025\/10\/internet3-1536x2048.jpg 1536w\" sizes=\"auto, (max-width: 1734px) 100vw, 1734px\" \/><\/figure>\n\n\n\n<div style=\"height:20px\" aria-hidden=\"true\" class=\"wp-block-spacer\"><\/div>\n\n\n\n<p class=\"has-text-color\" id=\"GQFtinjTMyEXTWTi\" style=\"color:#646257;font-size:14px\">Upcycling \u00e9cofriendly<\/p>\n\n\n\n<div style=\"height:20px\" aria-hidden=\"true\" class=\"wp-block-spacer\"><\/div>\n\n\n\n<div style=\"height:5px\" aria-hidden=\"true\" class=\"wp-block-spacer\"><\/div>\n<\/div>\n<\/div>\n<\/div>\n\n\n\n<p><\/p>\n","protected":false},"excerpt":{"rendered":"<p>Nos services de R\u00e9novation Transformer vos trouvailles vintage S\u00e9lection de meubles vintage uniques Conseils personnalis\u00e9s de r\u00e9novation Ateliers pratiques de recyclage de meubles Services professionnels de restauration de meubles anciens Inspiration d\u00e9co Finition personnalis\u00e9e Agencement de go\u00fbt Upcycling \u00e9cofriendly<\/p>\n","protected":false},"author":1,"featured_media":0,"parent":0,"menu_order":0,"comment_status":"closed","ping_status":"closed","template":"","meta":{"footnotes":""},"class_list":["post-18","page","type-page","status-publish","hentry"],"_links":{"self":[{"href":"https:\/\/ladecodevi.fr\/index.php\/wp-json\/wp\/v2\/pages\/18","targetHints":{"allow":["GET"]}}],"collection":[{"href":"https:\/\/ladecodevi.fr\/index.php\/wp-json\/wp\/v2\/pages"}],"about":[{"href":"https:\/\/ladecodevi.fr\/index.php\/wp-json\/wp\/v2\/types\/page"}],"author":[{"embeddable":true,"href":"https:\/\/ladecodevi.fr\/index.php\/wp-json\/wp\/v2\/users\/1"}],"replies":[{"embeddable":true,"href":"https:\/\/ladecodevi.fr\/index.php\/wp-json\/wp\/v2\/comments?post=18"}],"version-history":[{"count":15,"href":"https:\/\/ladecodevi.fr\/index.php\/wp-json\/wp\/v2\/pages\/18\/revisions"}],"predecessor-version":[{"id":146,"href":"https:\/\/ladecodevi.fr\/index.php\/wp-json\/wp\/v2\/pages\/18\/revisions\/146"}],"wp:attachment":[{"href":"https:\/\/ladecodevi.fr\/index.php\/wp-json\/wp\/v2\/media?parent=18"}],"curies":[{"name":"wp","href":"https:\/\/api.w.org\/{rel}","templated":true}]}}